{"id":1242,"date":"2024-02-28T08:33:29","date_gmt":"2024-02-28T08:33:29","guid":{"rendered":"https:\/\/xn--szomszdsrc-04a6g.hu\/kardossgeza\/?page_id=1242"},"modified":"2024-02-28T08:53:56","modified_gmt":"2024-02-28T08:53:56","slug":"dijazottjaink","status":"publish","type":"page","link":"https:\/\/xn--szomszdsrc-04a6g.hu\/kardossgeza\/dijazottjaink\/","title":{"rendered":"D\u00edjazottjaink"},"content":{"rendered":"\n<div class=\"wp-block-query is-layout-flow wp-block-query-is-layout-flow\"><ul class=\"wp-block-post-template is-layout-flow wp-block-post-template-is-layout-flow\"><li class=\"wp-block-post post-1250 post type-post status-publish format-standard has-post-thumbnail hentry category-dijazottak\">\n<h2 class=\"wp-block-post-title\"><a href=\"https:\/\/xn--szomszdsrc-04a6g.hu\/kardossgeza\/2024\/02\/28\/teszt-bejegyzes-2-2-2\/\" target=\"_self\" >Teszt bejegyz\u00e9s kiemelt k\u00e9ppel 2<\/a><\/h2>\n\n<figure style=\"aspect-ratio:auto;\" class=\"alignwide wp-block-post-featured-image\"><a href=\"https:\/\/xn--szomszdsrc-04a6g.hu\/kardossgeza\/2024\/02\/28\/teszt-bejegyzes-2-2-2\/\" target=\"_self\"  ><img fetchpriority=\"high\" decoding=\"async\" width=\"1175\" height=\"900\" src=\"https:\/\/xn--szomszdsrc-04a6g.hu\/kardossgeza\/wp-content\/uploads\/2023\/06\/banner_img_3.webp\" class=\"attachment-post-thumbnail size-post-thumbnail wp-post-image\" alt=\"Teszt bejegyz\u00e9s kiemelt k\u00e9ppel 2\" style=\"width:100%;height:100%;object-fit:cover;\" srcset=\"https:\/\/xn--szomszdsrc-04a6g.hu\/kardossgeza\/wp-content\/uploads\/2023\/06\/banner_img_3.webp 1175w, https:\/\/xn--szomszdsrc-04a6g.hu\/kardossgeza\/wp-content\/uploads\/2023\/06\/banner_img_3-300x230.webp 300w, https:\/\/xn--szomszdsrc-04a6g.hu\/kardossgeza\/wp-content\/uploads\/2023\/06\/banner_img_3-1024x784.webp 1024w, https:\/\/xn--szomszdsrc-04a6g.hu\/kardossgeza\/wp-content\/uploads\/2023\/06\/banner_img_3-768x588.webp 768w\" sizes=\"(max-width: 1175px) 100vw, 1175px\" \/><\/a><\/figure>\n\n<div class=\"wp-block-post-excerpt\"><p class=\"wp-block-post-excerpt__excerpt\">What is Lorem Ipsum? Lorem Ipsum\u00a0is simply dummy text of the printing and typesetting industry. Lorem Ipsum has been the industry&#8217;s standard dummy text ever since the 1500s, when an unknown printer took a galley of type and scrambled it to make a type specimen book. It has survived not only five centuries, but also <a class=\"wp-block-post-excerpt__more-link\" href=\"https:\/\/xn--szomszdsrc-04a6g.hu\/kardossgeza\/2024\/02\/28\/teszt-bejegyzes-2-2-2\/\"><strong>Tov\u00e1bb olvasok&gt;&gt;<\/strong><\/a><\/p><\/div>\n\n\n<hr class=\"wp-block-separator has-css-opacity\"\/>\n\n\n<div class=\"wp-block-post-date\"><time datetime=\"2024-02-28T08:43:21+00:00\">febru\u00e1r 28, 2024<\/time><\/div>\n<\/li><li class=\"wp-block-post post-1244 post type-post status-publish format-standard has-post-thumbnail hentry category-dijazottak\">\n<h2 class=\"wp-block-post-title\"><a href=\"https:\/\/xn--szomszdsrc-04a6g.hu\/kardossgeza\/2024\/02\/28\/teszt-bejegyzes-2-2\/\" target=\"_self\" >Teszt bejegyz\u00e9s kiemelt k\u00e9ppel<\/a><\/h2>\n\n<figure style=\"aspect-ratio:auto;\" class=\"alignwide wp-block-post-featured-image\"><a href=\"https:\/\/xn--szomszdsrc-04a6g.hu\/kardossgeza\/2024\/02\/28\/teszt-bejegyzes-2-2\/\" target=\"_self\"  ><img decoding=\"async\" width=\"895\" height=\"820\" src=\"https:\/\/xn--szomszdsrc-04a6g.hu\/kardossgeza\/wp-content\/uploads\/2023\/06\/banner_pro_img.webp\" class=\"attachment-post-thumbnail size-post-thumbnail wp-post-image\" alt=\"Teszt bejegyz\u00e9s kiemelt k\u00e9ppel\" style=\"width:100%;height:100%;object-fit:cover;\" srcset=\"https:\/\/xn--szomszdsrc-04a6g.hu\/kardossgeza\/wp-content\/uploads\/2023\/06\/banner_pro_img.webp 895w, https:\/\/xn--szomszdsrc-04a6g.hu\/kardossgeza\/wp-content\/uploads\/2023\/06\/banner_pro_img-300x275.webp 300w, https:\/\/xn--szomszdsrc-04a6g.hu\/kardossgeza\/wp-content\/uploads\/2023\/06\/banner_pro_img-768x704.webp 768w\" sizes=\"(max-width: 895px) 100vw, 895px\" \/><\/a><\/figure>\n\n<div class=\"wp-block-post-excerpt\"><p class=\"wp-block-post-excerpt__excerpt\">What is Lorem Ipsum? Lorem Ipsum&nbsp;is simply dummy text of the printing and typesetting industry. Lorem Ipsum has been the industry&#8217;s standard dummy text ever since the 1500s, when an unknown printer took a galley of type and scrambled it to make a type specimen book. It has survived not only five centuries, but also <a class=\"wp-block-post-excerpt__more-link\" href=\"https:\/\/xn--szomszdsrc-04a6g.hu\/kardossgeza\/2024\/02\/28\/teszt-bejegyzes-2-2\/\"><strong>Tov\u00e1bb olvasok&gt;&gt;<\/strong><\/a><\/p><\/div>\n\n\n<hr class=\"wp-block-separator has-css-opacity\"\/>\n\n\n<div class=\"wp-block-post-date\"><time datetime=\"2024-02-28T08:34:57+00:00\">febru\u00e1r 28, 2024<\/time><\/div>\n<\/li><li class=\"wp-block-post post-1239 post type-post status-publish format-standard hentry category-dijazottak\">\n<h2 class=\"wp-block-post-title\"><a href=\"https:\/\/xn--szomszdsrc-04a6g.hu\/kardossgeza\/2024\/02\/28\/teszt-bejegyzes-2\/\" target=\"_self\" >Teszt bejegyz\u00e9s kiemelt k\u00e9p n\u00e9lk\u00fcl #2<\/a><\/h2>\n\n\n\n<div class=\"wp-block-post-excerpt\"><p class=\"wp-block-post-excerpt__excerpt\">What is Lorem Ipsum? Lorem Ipsum&nbsp;is simply dummy text of the printing and typesetting industry. Lorem Ipsum has been the industry&#8217;s standard dummy text ever since the 1500s, when an unknown printer took a galley of type and scrambled it to make a type specimen book. It has survived not only five centuries, but also <a class=\"wp-block-post-excerpt__more-link\" href=\"https:\/\/xn--szomszdsrc-04a6g.hu\/kardossgeza\/2024\/02\/28\/teszt-bejegyzes-2\/\"><strong>Tov\u00e1bb olvasok&gt;&gt;<\/strong><\/a><\/p><\/div>\n\n\n<hr class=\"wp-block-separator has-css-opacity\"\/>\n\n\n<div class=\"wp-block-post-date\"><time datetime=\"2024-02-28T08:27:38+00:00\">febru\u00e1r 28, 2024<\/time><\/div>\n<\/li><\/ul><\/div>\n","protected":false},"excerpt":{"rendered":"","protected":false},"author":1,"featured_media":0,"parent":0,"menu_order":0,"comment_status":"closed","ping_status":"closed","template":"","meta":{"_monsterinsights_skip_tracking":false,"_monsterinsights_sitenote_active":false,"_monsterinsights_sitenote_note":"","_monsterinsights_sitenote_category":0,"footnotes":""},"class_list":["post-1242","page","type-page","status-publish","hentry"],"aioseo_notices":[],"_links":{"self":[{"href":"https:\/\/xn--szomszdsrc-04a6g.hu\/kardossgeza\/wp-json\/wp\/v2\/pages\/1242","targetHints":{"allow":["GET"]}}],"collection":[{"href":"https:\/\/xn--szomszdsrc-04a6g.hu\/kardossgeza\/wp-json\/wp\/v2\/pages"}],"about":[{"href":"https:\/\/xn--szomszdsrc-04a6g.hu\/kardossgeza\/wp-json\/wp\/v2\/types\/page"}],"author":[{"embeddable":true,"href":"https:\/\/xn--szomszdsrc-04a6g.hu\/kardossgeza\/wp-json\/wp\/v2\/users\/1"}],"replies":[{"embeddable":true,"href":"https:\/\/xn--szomszdsrc-04a6g.hu\/kardossgeza\/wp-json\/wp\/v2\/comments?post=1242"}],"version-history":[{"count":2,"href":"https:\/\/xn--szomszdsrc-04a6g.hu\/kardossgeza\/wp-json\/wp\/v2\/pages\/1242\/revisions"}],"predecessor-version":[{"id":1247,"href":"https:\/\/xn--szomszdsrc-04a6g.hu\/kardossgeza\/wp-json\/wp\/v2\/pages\/1242\/revisions\/1247"}],"wp:attachment":[{"href":"https:\/\/xn--szomszdsrc-04a6g.hu\/kardossgeza\/wp-json\/wp\/v2\/media?parent=1242"}],"curies":[{"name":"wp","href":"https:\/\/api.w.org\/{rel}","templated":true}]}}